{"version":"1.0","provider_name":"Mentalfestivalen","provider_url":"https:\/\/mentalfestivalen.se\/en","author_name":"Mats Wernheim","author_url":"https:\/\/mentalfestivalen.se\/en\/author\/mats-wernheimvile-se\/","title":"Svante Swantesons Solskenshistoria - Mentalfestivalen","type":"rich","width":600,"height":338,"html":"<blockquote class=\"wp-embedded-content\" data-secret=\"rNqkIHtMrX\"><a href=\"https:\/\/mentalfestivalen.se\/en\/svante-swantesons-solskenshistoria\/\">Svante Swantesons Solskenshistoria<\/a><\/blockquote><iframe sandbox=\"allow-scripts\" security=\"restricted\" src=\"https:\/\/mentalfestivalen.se\/en\/svante-swantesons-solskenshistoria\/embed\/#?secret=rNqkIHtMrX\" width=\"600\" height=\"338\" title=\"&#8220;Svante Swantesons Solskenshistoria&#8221; &#8212; Mentalfestivalen\" data-secret=\"rNqkIHtMrX\" frameborder=\"0\" marginwidth=\"0\" marginheight=\"0\" scrolling=\"no\" class=\"wp-embedded-content\"><\/iframe><script>\n\/*! This file is auto-generated *\/\n!function(d,l){\"use strict\";l.querySelector&&d.addEventListener&&\"undefined\"!=typeof URL&&(d.wp=d.wp||{},d.wp.receiveEmbedMessage||(d.wp.receiveEmbedMessage=function(e){var t=e.data;if((t||t.secret||t.message||t.value)&&!\/[^a-zA-Z0-9]\/.test(t.secret)){for(var s,r,n,a=l.querySelectorAll('iframe[data-secret=\"'+t.secret+'\"]'),o=l.querySelectorAll('blockquote[data-secret=\"'+t.secret+'\"]'),c=new RegExp(\"^https?:$\",\"i\"),i=0;i<o.length;i++)o[i].style.display=\"none\";for(i=0;i<a.length;i++)s=a[i],e.source===s.contentWindow&&(s.removeAttribute(\"style\"),\"height\"===t.message?(1e3<(r=parseInt(t.value,10))?r=1e3:~~r<200&&(r=200),s.height=r):\"link\"===t.message&&(r=new URL(s.getAttribute(\"src\")),n=new URL(t.value),c.test(n.protocol))&&n.host===r.host&&l.activeElement===s&&(d.top.location.href=t.value))}},d.addEventListener(\"message\",d.wp.receiveEmbedMessage,!1),l.addEventListener(\"DOMContentLoaded\",function(){for(var e,t,s=l.querySelectorAll(\"iframe.wp-embedded-content\"),r=0;r<s.length;r++)(t=(e=s[r]).getAttribute(\"data-secret\"))||(t=Math.random().toString(36).substring(2,12),e.src+=\"#?secret=\"+t,e.setAttribute(\"data-secret\",t)),e.contentWindow.postMessage({message:\"ready\",secret:t},\"*\")},!1)))}(window,document);\n\/\/# sourceURL=https:\/\/mentalfestivalen.se\/wp-includes\/js\/wp-embed.min.js\n<\/script>","thumbnail_url":"https:\/\/mentalfestivalen.se\/wp-content\/uploads\/2020\/01\/svante.jpg","thumbnail_width":2000,"thumbnail_height":1260,"description":"I v\u00e5r g\u00e4stblogg ber\u00e4ttar Curonova om hur f\u00f6retaget f\u00f6ddes ur en vilja att g\u00f6ra arbetsmarknaden mer tillg\u00e4nglig. Curonova bildades 2014, och jobbade de f\u00f6rsta \u00e5ren prim\u00e4rt med att erbjuda v\u00e5ra tj\u00e4nster till trygghetsfonden TSL. Ut\u00f6ver detta arbetade bolaget en del med outplacement, d\u00e5 riktat till bolag och individer som beh\u00f6ver hitta en l\u00f6sning som inneb\u00e4r [&hellip;]"}

I vår gästblogg berättar Curonova om hur företaget föddes ur en vilja att göra arbetsmarknaden mer tillgänglig. Curonova bildades 2014, och jobbade de första åren primärt med att erbjuda våra tjänster till trygghetsfonden TSL. Utöver detta arbetade bolaget en del med outplacement, då riktat till bolag och individer som behöver hitta en lösning som innebär [&hellip;]
