{"version":"1.0","provider_name":"Mentalfestivalen","provider_url":"https:\/\/mentalfestivalen.se\/en","author_name":"Mats Wernheim","author_url":"https:\/\/mentalfestivalen.se\/en\/author\/mats-wernheimvile-se\/","title":"Kontakta oss - Mentalfestivalen","type":"rich","width":600,"height":338,"html":"<blockquote class=\"wp-embedded-content\" data-secret=\"j7RFe8crtN\"><a href=\"https:\/\/mentalfestivalen.se\/en\/kontakta-oss\/\">Contact<\/a><\/blockquote><iframe sandbox=\"allow-scripts\" security=\"restricted\" src=\"https:\/\/mentalfestivalen.se\/en\/kontakta-oss\/embed\/#?secret=j7RFe8crtN\" width=\"600\" height=\"338\" title=\"&#8220;Kontakta oss&#8221; &#8212; Mentalfestivalen\" data-secret=\"j7RFe8crtN\" frameborder=\"0\" marginwidth=\"0\" marginheight=\"0\" scrolling=\"no\" class=\"wp-embedded-content\"><\/iframe><script>\n\/*! This file is auto-generated *\/\n!function(d,l){\"use strict\";l.querySelector&&d.addEventListener&&\"undefined\"!=typeof URL&&(d.wp=d.wp||{},d.wp.receiveEmbedMessage||(d.wp.receiveEmbedMessage=function(e){var t=e.data;if((t||t.secret||t.message||t.value)&&!\/[^a-zA-Z0-9]\/.test(t.secret)){for(var s,r,n,a=l.querySelectorAll('iframe[data-secret=\"'+t.secret+'\"]'),o=l.querySelectorAll('blockquote[data-secret=\"'+t.secret+'\"]'),c=new RegExp(\"^https?:$\",\"i\"),i=0;i<o.length;i++)o[i].style.display=\"none\";for(i=0;i<a.length;i++)s=a[i],e.source===s.contentWindow&&(s.removeAttribute(\"style\"),\"height\"===t.message?(1e3<(r=parseInt(t.value,10))?r=1e3:~~r<200&&(r=200),s.height=r):\"link\"===t.message&&(r=new URL(s.getAttribute(\"src\")),n=new URL(t.value),c.test(n.protocol))&&n.host===r.host&&l.activeElement===s&&(d.top.location.href=t.value))}},d.addEventListener(\"message\",d.wp.receiveEmbedMessage,!1),l.addEventListener(\"DOMContentLoaded\",function(){for(var e,t,s=l.querySelectorAll(\"iframe.wp-embedded-content\"),r=0;r<s.length;r++)(t=(e=s[r]).getAttribute(\"data-secret\"))||(t=Math.random().toString(36).substring(2,12),e.src+=\"#?secret=\"+t,e.setAttribute(\"data-secret\",t)),e.contentWindow.postMessage({message:\"ready\",secret:t},\"*\")},!1)))}(window,document);\n\/\/# sourceURL=https:\/\/mentalfestivalen.se\/wp-includes\/js\/wp-embed.min.js\n<\/script>","description":"Kontakta oss Kontakta oss Du \u00e4r varmt v\u00e4lkommen att kontakta oss om du har n\u00e5gra fr\u00e5gor eller funderingar om Jobbfestivalen med tema m\u00e5ngfald, oavsett om du \u00e4r utst\u00e4llare eller bes\u00f6kare. info@jobbfestivalen.se 070 282 58 90 Om Jobbfestivalen Mats Wernheim Initiativtagare mats@jobbfestivalen.se 070 282 58 90 LinkedIn Tomas","thumbnail_url":"https:\/\/mentalfestivalen.se\/wp-content\/uploads\/2019\/12\/Mats-FB-1-1024x681.jpg"}

Kontakta oss Kontakta oss Du är varmt välkommen att kontakta oss om du har några frågor eller funderingar om Jobbfestivalen med tema mångfald, oavsett om du är utställare eller besökare. info@jobbfestivalen.se 070 282 58 90 Om Jobbfestivalen Mats Wernheim Initiativtagare mats@jobbfestivalen.se 070 282 58 90 LinkedIn Tomas
