{"version":"1.0","provider_name":"Mentalfestivalen","provider_url":"https:\/\/mentalfestivalen.se\/en","author_name":"Mats Wernheim","author_url":"https:\/\/mentalfestivalen.se\/en\/author\/mats-wernheimvile-se\/","title":"Avslutning och intervjuer med utst\u00e4llare och bes\u00f6kare. - Mentalfestivalen","type":"rich","width":600,"height":338,"html":"<blockquote class=\"wp-embedded-content\" data-secret=\"mhzCJHUGgG\"><a href=\"https:\/\/mentalfestivalen.se\/en\/dagsprogram\/stora-scenen-kl-1845\/\">Avslutning och intervjuer med utst\u00e4llare och bes\u00f6kare.<\/a><\/blockquote><iframe sandbox=\"allow-scripts\" security=\"restricted\" src=\"https:\/\/mentalfestivalen.se\/en\/dagsprogram\/stora-scenen-kl-1845\/embed\/#?secret=mhzCJHUGgG\" width=\"600\" height=\"338\" title=\"&#8220;Avslutning och intervjuer med utst\u00e4llare och bes\u00f6kare.&#8221; &#8212; Mentalfestivalen\" data-secret=\"mhzCJHUGgG\" frameborder=\"0\" marginwidth=\"0\" marginheight=\"0\" scrolling=\"no\" class=\"wp-embedded-content\"><\/iframe><script>\n\/*! This file is auto-generated *\/\n!function(d,l){\"use strict\";l.querySelector&&d.addEventListener&&\"undefined\"!=typeof URL&&(d.wp=d.wp||{},d.wp.receiveEmbedMessage||(d.wp.receiveEmbedMessage=function(e){var t=e.data;if((t||t.secret||t.message||t.value)&&!\/[^a-zA-Z0-9]\/.test(t.secret)){for(var s,r,n,a=l.querySelectorAll('iframe[data-secret=\"'+t.secret+'\"]'),o=l.querySelectorAll('blockquote[data-secret=\"'+t.secret+'\"]'),c=new RegExp(\"^https?:$\",\"i\"),i=0;i<o.length;i++)o[i].style.display=\"none\";for(i=0;i<a.length;i++)s=a[i],e.source===s.contentWindow&&(s.removeAttribute(\"style\"),\"height\"===t.message?(1e3<(r=parseInt(t.value,10))?r=1e3:~~r<200&&(r=200),s.height=r):\"link\"===t.message&&(r=new URL(s.getAttribute(\"src\")),n=new URL(t.value),c.test(n.protocol))&&n.host===r.host&&l.activeElement===s&&(d.top.location.href=t.value))}},d.addEventListener(\"message\",d.wp.receiveEmbedMessage,!1),l.addEventListener(\"DOMContentLoaded\",function(){for(var e,t,s=l.querySelectorAll(\"iframe.wp-embedded-content\"),r=0;r<s.length;r++)(t=(e=s[r]).getAttribute(\"data-secret\"))||(t=Math.random().toString(36).substring(2,12),e.src+=\"#?secret=\"+t,e.setAttribute(\"data-secret\",t)),e.contentWindow.postMessage({message:\"ready\",secret:t},\"*\")},!1)))}(window,document);\n\/\/# sourceURL=https:\/\/mentalfestivalen.se\/wp-includes\/js\/wp-embed.min.js\n<\/script>","description":"Kl 18.00 14 September Kl 18.45 Stora Scenen Kl 19.00 Kl 18.00 Kl 19.00 Avslutning och intervjuer med utst\u00e4llare och bes\u00f6kare Moderator Ej Fast\u00e4llt Moderator Mikael Klein Ansvarig f\u00f6r verksamhetsstrategisk utveckling p\u00e5 Wiljagruppen AB L\u00e4s Mer Panelen Rikard Westerlund VD och medgrundare av HelloLilly L\u00e4s Mer Vill du vara med i panelen? KONTAKTA OSS","thumbnail_url":"https:\/\/mentalfestivalen.se\/wp-content\/uploads\/2021\/12\/cropped-favicon@2x.png"}

Avslutning och intervjuer med utställare och besökare. - Mentalfestivalen

<blockquote class="wp-embedded-content" data-secret="mhzCJHUGgG"><a href="https://mentalfestivalen.se/en/dagsprogram/stora-scenen-kl-1845/">Avslutning och intervjuer med utställare och besökare.</a></blockquote><iframe sandbox="allow-scripts" security="restricted" src="https://mentalfestivalen.se/en/dagsprogram/stora-scenen-kl-1845/embed/#?secret=mhzCJHUGgG" width="600" height="338" title="&#8220;Avslutning och intervjuer med utställare och besökare.&#8221; &#8212; Mentalfestivalen" data-secret="mhzCJHUGgG" frameborder="0" marginwidth="0" marginheight="0" scrolling="no" class="wp-embedded-content"></iframe><script>
/*! This file is auto-generated */
!function(d,l){"use strict";l.querySelector&&d.addEventListener&&"undefined"!=typeof URL&&(d.wp=d.wp||{},d.wp.receiveEmbedMessage||(d.wp.receiveEmbedMessage=function(e){var t=e.data;if((t||t.secret||t.message||t.value)&&!/[^a-zA-Z0-9]/.test(t.secret)){for(var s,r,n,a=l.querySelectorAll('iframe[data-secret="'+t.secret+'"]'),o=l.querySelectorAll('blockquote[data-secret="'+t.secret+'"]'),c=new RegExp("^https?:$","i"),i=0;i<o.length;i++)o[i].style.display="none";for(i=0;i<a.length;i++)s=a[i],e.source===s.contentWindow&&(s.removeAttribute("style"),"height"===t.message?(1e3<(r=parseInt(t.value,10))?r=1e3:~~r<200&&(r=200),s.height=r):"link"===t.message&&(r=new URL(s.getAttribute("src")),n=new URL(t.value),c.test(n.protocol))&&n.host===r.host&&l.activeElement===s&&(d.top.location.href=t.value))}},d.addEventListener("message",d.wp.receiveEmbedMessage,!1),l.addEventListener("DOMContentLoaded",function(){for(var e,t,s=l.querySelectorAll("iframe.wp-embedded-content"),r=0;r<s.length;r++)(t=(e=s[r]).getAttribute("data-secret"))||(t=Math.random().toString(36).substring(2,12),e.src+="#?secret="+t,e.setAttribute("data-secret",t)),e.contentWindow.postMessage({message:"ready",secret:t},"*")},!1)))}(window,document);
//# sourceURL=https://mentalfestivalen.se/wp-includes/js/wp-embed.min.js
</script>

Kl 18.00 14 September Kl 18.45 Stora Scenen Kl 19.00 Kl 18.00 Kl 19.00 Avslutning och intervjuer med utställare och besökare Moderator Ej Faställt Moderator Mikael Klein Ansvarig för verksamhetsstrategisk utveckling på Wiljagruppen AB Läs Mer Panelen Rikard Westerlund VD och medgrundare av HelloLilly Läs Mer Vill du vara med i panelen? KONTAKTA OSS
