{"version":"1.0","provider_name":"Mentalfestivalen","provider_url":"https:\/\/mentalfestivalen.se\/en","author_name":"Mats Wernheim","author_url":"https:\/\/mentalfestivalen.se\/en\/author\/mats-wernheimvile-se\/","title":"Lilla Scenen - Mentalfestivalen","type":"rich","width":600,"height":338,"html":"<blockquote class=\"wp-embedded-content\" data-secret=\"ql1xZrsDYn\"><a href=\"https:\/\/mentalfestivalen.se\/en\/dagsprogram\/lilla-scenen\/\">Lilla Scenen<\/a><\/blockquote><iframe sandbox=\"allow-scripts\" security=\"restricted\" src=\"https:\/\/mentalfestivalen.se\/en\/dagsprogram\/lilla-scenen\/embed\/#?secret=ql1xZrsDYn\" width=\"600\" height=\"338\" title=\"&#8220;Lilla Scenen&#8221; &#8212; Mentalfestivalen\" data-secret=\"ql1xZrsDYn\" frameborder=\"0\" marginwidth=\"0\" marginheight=\"0\" scrolling=\"no\" class=\"wp-embedded-content\"><\/iframe><script>\n\/*! This file is auto-generated *\/\n!function(d,l){\"use strict\";l.querySelector&&d.addEventListener&&\"undefined\"!=typeof URL&&(d.wp=d.wp||{},d.wp.receiveEmbedMessage||(d.wp.receiveEmbedMessage=function(e){var t=e.data;if((t||t.secret||t.message||t.value)&&!\/[^a-zA-Z0-9]\/.test(t.secret)){for(var s,r,n,a=l.querySelectorAll('iframe[data-secret=\"'+t.secret+'\"]'),o=l.querySelectorAll('blockquote[data-secret=\"'+t.secret+'\"]'),c=new RegExp(\"^https?:$\",\"i\"),i=0;i<o.length;i++)o[i].style.display=\"none\";for(i=0;i<a.length;i++)s=a[i],e.source===s.contentWindow&&(s.removeAttribute(\"style\"),\"height\"===t.message?(1e3<(r=parseInt(t.value,10))?r=1e3:~~r<200&&(r=200),s.height=r):\"link\"===t.message&&(r=new URL(s.getAttribute(\"src\")),n=new URL(t.value),c.test(n.protocol))&&n.host===r.host&&l.activeElement===s&&(d.top.location.href=t.value))}},d.addEventListener(\"message\",d.wp.receiveEmbedMessage,!1),l.addEventListener(\"DOMContentLoaded\",function(){for(var e,t,s=l.querySelectorAll(\"iframe.wp-embedded-content\"),r=0;r<s.length;r++)(t=(e=s[r]).getAttribute(\"data-secret\"))||(t=Math.random().toString(36).substring(2,12),e.src+=\"#?secret=\"+t,e.setAttribute(\"data-secret\",t)),e.contentWindow.postMessage({message:\"ready\",secret:t},\"*\")},!1)))}(window,document);\n\/\/# sourceURL=https:\/\/mentalfestivalen.se\/wp-includes\/js\/wp-embed.min.js\n<\/script>","thumbnail_url":"https:\/\/mentalfestivalen.se\/wp-content\/uploads\/2022\/07\/lilla-scenen.jpg","thumbnail_width":1200,"thumbnail_height":600,"description":"Program Lilla Scenen 22 maj 2025 i Kungstr\u00e4dg\u00e5rden, Stockholm H\u00e4r talar\/f\u00f6rel\u00e4ser intressanta personer om sp\u00e4nnande och aktuella \u00e4mnen. Sponsor 10.00 Hur f\u00e5ngar vi upp psykisk oh\u00e4lsa i arbetsmilj\u00f6arbetet? 10.30 S\u00e5 h\u00e4r kan ni f\u00f6rebygga och minska psykisk oh\u00e4lsa! Verktyg f\u00f6r att uppt\u00e4cka och f\u00f6lja upp oh\u00e4lsa p\u00e5 jobbet. 11.00 Hur kan du som chef st\u00f6tta [&hellip;]"}

Program Lilla Scenen 22 maj 2025 i Kungsträdgården, Stockholm Här talar/föreläser intressanta personer om spännande och aktuella ämnen. Sponsor 10.00 Hur fångar vi upp psykisk ohälsa i arbetsmiljöarbetet? 10.30 Så här kan ni förebygga och minska psykisk ohälsa! Verktyg för att upptäcka och följa upp ohälsa på jobbet. 11.00 Hur kan du som chef stötta [&hellip;]
